 -2 + 1) - 22.
10
What is the value of (5 - -65) + -34 + (3 - -2)?
41
What is the value of 65 + 1 - (1706 - 1675 - (-1 - -43))?
77
Calculate 153 + -106 + 60 - 43.
64
What is the value of (8 + 6 - 5) + 50 + -35?
24
(3 - 4) + -4 - (-4 - (13 - 18 - 17))
-23
Evaluate (-12 - (23 + -39) - 11) + (56 - (0 + 0)).
49
Evaluate -245 + 242 - (-2 - -8 - (5 - 1 - 3)).
-8
What is the value of 68 + 0 - (9 + -15 - 3 - -22)?
55
What is -1 - (10 - -33) - -119?
75
Evaluate 21 + -6 + (6 - 4) - 13 - -3.
7
What is (-111 - -60) + (0 - 0)?
-51
-9 + (3 - 36) - 15 - -10
-47
(-1 - 20) + 51 + (-48 - -47)
29
Evaluate (14 - (4 + 8)) + (-10 - 1) - 26.
-35
Calculate 3 + ((3 - 64) + -15 + 12 - -20).
-41
What is the value of (-102 - (-17 - 67)) + -46 + -2?
-66
Evaluate 272 + -283 - ((-1 - 82) + (-7 - -5) + 1).
73
(5662 - 5682) + -1 + 1
-20
What is the value of -75 - (57 + -47 - 35)?
-50
Calculate 0 + 4 + (-2 - 3 - -36) - (834 + -838).
39
Evaluate 3 + 90 + (-34 - -40) + -11.
88
What is -2 + (-3 - 3) + -77 + 27 + 34?
-24
What is -64 + -3 + 5 - (24 - 14 - 19)?
-53
Calculate 11 + (-28 - (32 + -40)) - (1 + 40).
-50
Calculate -12 - 60 - (-6 - ((-19 - -23) + 12)).
-50
215 - (44 + 98) - 54
19
What is the value of -8 - (-107 - -2 - (65 + 38 - 102))?
98
What is (0 - -6) + (817 - 777 - (-23 + 2))?
67
What is 13 + -86 + -80 - -31?
-122
Calculate (-51 - -40 - -92) + -50.
31
What is the value of -99 + 11 + (-10 - (8 + -36))?
-70
(-11 + 17 - (4 - 8)) + 0 - 30
-20
Calculate 948 - 959 - (-12 - (0 + -3 + -1 - 0)).
-3
Evaluate (34 - 197) + 33 - -5 - (-2 - 0).
-123
Calculate (0 - -59) + -14 + 16 + -6.
55
What is 16 + (-25 - (-34 + 60))?
-35
Evaluate -7 - (8 + -18) - 5 - (-41 + 0 + -4).
43
Evaluate -2 + -34 - (-3 - (13 + -20)).
-40
Calculate 1 + -47 + (69 - 28) - (0 - 20).
15
What is the value of -155 + (-31 - (-80 - (-45 + 38)))?
-113
-4 - 34 - (-45 - -61)
-54
Calculate -6 + -22 - (-84 + 50) - -6.
12
Evaluate 3 + -18 + 5 - ((-29 - 29) + (7 - -2)).
39
Calculate -88 + 141 - 39 - (3 + (-18 - -2)).
27
What is -9 - (-10 - (-2 - (-9 + 9))) - 4?
-5
What is the value of -6 - -26 - 1 - (0 + 65)?
-46
1 + 131 + 144 + -337 + 169
108
Evaluate 5 - (1 + 10 + 0) - (-35 - 4 - -10).
23
What is 52 + (-69 - -14) + 53?
50
Calculate 15 - (4 - (-14 + 7) - -2) - -10.
12
What is the value of 29 - ((-172 - -8) + 216)?
-23
(-2 - -7) + (20 - 33 - (-14 + -2 + 13))
-5
Evaluate 60 + -74 - -41 - (1 - 23).
49
What is the value of (1 + -10 - (11 + -2 + 30 + -44)) + 93?
89
Evaluate (-2411 - -2429) + (2 + 0 - -2) + -1.
21
What is 454 + -464 - (4 + -35)?
21
Calculate -94 - (-152 - -37) - (78 + 4 - 1).
-60
What is (-7 - 1) + (21 - (-42 - -86))?
-31
Calculate (4 + -23 + 12 - 5) + (3 - -46).
37
Calculate (-4 - -3 - -76) + -82 + (-90 - -174).
77
-19 + -2 + (-5 - (-80 + 44 - -46))
-36
What is the value of (24 - 1) + 38 + (-135 - -57)?
-17
What is 6 - 26 - (-2 + -89 - -111)?
-40
Evaluate 13 + (15 - 0) + (-2 - -17) + -7.
36
What is 0 + -1 + -122 + -74478 + 74517?
-84
23 + (171 - (-39 + 143))
90
2 + -5 + -84 + -21 + 7 + -3 + 5
-99
Evaluate -6 - (16 - 34 - -19) - (1 - -23 - -3).
-34
Calculate -164 + (61 - (35 + -70)).
-68
What is -4 - -39 - (-86 - -107 - (2 + 13))?
29
What is the value of -57 - (124 + -138) - 81?
-124
Calculate 16 - (0 - ((8 - 5) + 13)).
32
What is -16 - ((32 - 12) + 2 - 12)?
-26
What is -13 + (-1 - (-11 + 10 + 0)) + -23?
-36
What is (-34 - -178 - 93) + -128?
-77
-6 + 46 + -9 - (25 + -14) - 7
13
What is the value of -17 - (149 + -129) - (1 + -2 - 0)?
-36
32 + -54 + -111 + 84
-49
3 - ((-10 - -6) + -13 + 29)
-9
Calculate (-4 - -2) + -4 + (-24 + 9 - -7).
-14
What is the value of -1 - (4 - (2 + -8))?
-11
119 + 157 + -182 + (41 - 2) + 1 + -26
108
What is (-55 - (22 - 37)) + 126?
86
Evaluate -4 + 55 + -8 + (9 - 46) + 35.
41
-12 + (92 - 0 - -15) - (-1 - -3 - -8)
85
What is (84 - (-4 - -53)) + -53 + (-1 - -11)?
-8
What is (1 - 3) + -4 - (-10 + -42 + 14 + -1)?
33
What is the value of (12 - (-74 + -1)) + -6 + -6 + 4?
79
-1 - 10 - (-1 - -1 - -10 - (4964 + -4969))
-26
6 + -1 + -1 + 129 + -29 + (20 - -23)
147
Evaluate (73 - -163) + (24 - 154).
106
What is the value of -67 - -44 - -88 - 25?
40
What is the value of 17 + 10 + -29 + (-66 - (36 + -33))?
-71
(2 + 43 - 27) + 21
39
0 + (-4 - (-6 - -9)) + -26 + 18
-15
What is (-6 - (-7 + -14)) + -2 + (-270 - -184)?
-73
What is the value of (-29 - 0) + -3 + 58 + -38?
-12
(-105 - (9 + (0 - (-12 - -18)))) + -4 + 4
-108
Calculate -15 + (-11 - ((-42 - -139) + (4 - 8 - -5))).
-124
2 + 52 + 1 + (76 + -66 - 20)
45
What is 0 - 19 - (50 - 29 - 45)?
5
1745 - 1731 - (-23 - 2)
39
(-94 - (93 + -85)) + 90
-12
Calculate (-14 + 24 - (107 + 12 + -19)) + 24.
-66
Calculate (9 - (14 + (-15 - 10))) + (-4 - -4).
20
Evaluate 48 + (-55 - -37) + -41.
-11
Evaluate -5 + 44 + -15 + 9.
33
Calculate (0 - (-2 - -5 - 7)) + 24 - (-53 - -39).
42
What is the value of (0 - 25) + (99 - 127) + 71?
18
Evaluate 2 - (-12 + (2 + 4 - (-44 + 76))).
40
Calculate (-863 + 831 - (-34 - 0)) + (18 + 0 - 1).
19
What is the value of -7 + 1 + 83 + -16 + -6 - (-4 - 0)?
59
What is the value of 182 + -42 + (132 - 148)?
124
What is 0 + -14 + (98 - 56 - -76) - 2?
102
What is the value of -5 + 34 + -2 - (-14 - (-1 - 2))?
38
Calculate 3 + 35 + -72 - (-16 - -3).
-21
22 + -17 + 17 + -22 - (0 - -15)
-15
What is the value of 6 - 1 - (1 + 1 - (920 - 931) - 87)?
79
Evaluate 10 - (114 + -374 + 118).
152
Evaluate -23 - (-7 - 39) - 27 - (-1 + -90).
87
106 + -80 + (0 - -3 - 18)
11
What is -29 + (-24 - -50) - ((2 - 72) + -7)?
74
What is the value of 11 - (1 - -47 - (-8 - ((-4 - 15) + 14)))?
-40
What is (-15 - 0 - (65 - 45 - (17 - 2))) + 13?
-7
Evaluate -8 + (-26 - (-26 - -5 - -72)).
-85
-1173 - -1194 - (4 + -1)
18
What is (-6 - 7 - 7 - -14) + (-39 - 1)?
-46
Evaluate (91 - 96) + (-3 - 0 - -4 - 64).
-68
Calculate -10 + 56 + (443 - 494).
-5
What is 62 + -19 - 14 - (-218 + 215)?
32
What is the value of -40 + (-10 - (-32 - (-6 + 9))) + -18?
-33
What is -19 - (-9 - (-9 - -5)) - (16 - 110)?
80
What is the value of (30 - (4 + -21)) + -29?
18
What is (-1 - -14) + (-223 - -239 - (87 - 2))?
-56
What is (5 - 61) + (4 - (10 + -21)) + 1?
-40
What is the value of -4 + (6 - -7) + -18 + 24 - 2?
13
0 + -46 + -26 + (44 - 27 - 6) + -5
-66
What is the value of 4 - (0 + 18 - 5) - (37 - 3 - 5)?
-38
What is (51 - 103) + 75 + -36?
-13
-13 - (1 + 20 + (9 - 19 - -15))
-39
What is the value of -8 + 61 - (1360 - 1249)?
-58
Evaluate (274 - 166) + 136 - 111.
133
(805 - 856) + (-4 - -121)
66
0 + (-6 - (-2 + 2 + (-32 - -36))) - 94
-104
Evaluate -2635 + 2557 - (0 - 29) - 21.
-70
What is -27 + -6 - -59 - 49?
-23
-5 - (-175 - -46) - 91
33
Evaluate (-35 - 0) + (-48 + 145 - 112).
-50
What is (-70 + 35 - -33) + -102 + -1 - 22?
-127
What is (2 - -5) + (2298 - 2284)?
21
What is the value of -17 + 13 - ((20 - -27) + -7)?
-44
Evaluate -28 + 13 + 55 + 18 + -35.
23
(0 - 1) + 39 - (99 + -57 + -51)
47
Evaluate -23 + (27 - -71 - 57).
18
Evaluate -83 - (21 + (-64 - -23)) - (-11 - (0 - -2)).
-50
What is the value of -19 - (-4 + -16 + 10 - -22 - 23)?
-8
What is (1145 - 1166) + (-2 - -15)?
-8
-341 - -356 - (4 - 7)
18
What is -6 - (-108 - 27) - (20 + -8 - 8)?
125
(-9 - -5) + (-24 - -76) + -93
-45
Evaluate (0 - -10) + -13 + (23 - 19) - 34.
-33
Evaluate 13 + -1 + (-1 - 21 - (142 + -78)).
-74
What is -8 + 3 + 13 + -8 + 0 + -31 + 1?
-30
Calculate -38 + -5 + (1 - (-23 + 5 + 5)).
-29
Calculate (-11 - -5) + -5 - (-14 + 50 + 47).
-94
What is 14 - (295 + -270 + (-1 - 3))?
-7
Evaluate -55 + (-3 - -6) + -4 - (-17 - (-2 + -9)).
-50
Calculate (3 - -40) + (-1 - 11 - (4 + -22)).
49
What is the value of 56 + -5 + 573 + -682?
-58
What is the value of 4 + -103 + (-3 - 16 - -1 - (16 + -21))?
-112
Calculate 209 - 221 - (2 + -55 + (3 - 4)).
42
What is 80 - (-37 - (-82 + -36))?
-1
Calculate 8 + 134 - (370 + -334).
106
Evaluate (4 - (-5 - -11)) + (-18 - 1) - (-1453 - -1441).
-9
Calculate (-210 - (-25 - 44)) + 41.
-100
What is (-130 - -89) + -6 + 0 + -6?
-53
Evaluate -473 - -458 - (-3 + 39).
-51
What is the value of -35 - (-1 - (-39 - (2 - 33)))?
-42
Evaluate 12 - 13 - -45 - 21 - 13.
10
Calculate (-17 - -7 - -1) + 32 + -18 + 0 + 82.
87
9 - (34 + 52 + -5 + -1 - (8 - 1))
-64
Calculate (-94 + 82 - -16) + -51.
-47
(-7 - 78 - -193) + (3 - 8)
103
(40 + -11 - 37 - (-1 - -3)) + -35 - -2
-43
What is the value of 92 + 1 + 1021 + -1017?
97
What is 9 